e k(-3). Calculate the highest common factor of q and v.
14
Suppose 0 = -4*b + 6*b + n - 293, 5*b - 2*n = 719. Calculate the greatest common factor of b and 232.
29
Let z(g) = -9*g - 2. Let i be z(-6). Let w = -12045 - -12175. What is the greatest common divisor of w and i?
26
Let i(s) = -s**3 - 10*s**2 - 8*s - 59. Let z be i(-10). Let q be 14 + 0/(5 + -2). Calculate the greatest common factor of q and z.
7
Let t be 3 + 52 - (1767/(-342) - (-1)/6). Let p = 29 + -14. Calculate the highest common divisor of t and p.
15
Suppose -3*y + 39 + 33 = 0. Suppose -y = -6*v + 138. Calculate the greatest common divisor of v and 3.
3
Suppose 207*n = 198*n + 270. What is the highest common factor of 75 and n?
15
Let t = 133 + -93. Let v(g) = 6*g + 41. Let k be v(-6). What is the greatest common factor of t and k?
5
Suppose -7*y = -18*y + 44. What is the highest common factor of y and 244?
4
Suppose 5 = -5*y + 20. Suppose 0 = -y*i - i + 80. Calculate the greatest common divisor of i and 4.
4
Let f(u) = 7*u + 35. Let m be f(-5). Let r be 11*(m*(-1)/(-4) + 2). Calculate the greatest common factor of 33 and r.
11
Let p be 11 + 238/(-22) + (-1866)/(-22). Calculate the highest common factor of p and 323.
17
Suppose -g - 76*a + 77*a = -8, 5*a + 28 = g. Calculate the highest common divisor of 57 and g.
3
Let s be 15*(((-11)/5 - 2) + 5). Calculate the greatest common factor of 33 and s.
3
Suppose -4*n = -3*q - 67, 3*n + 0*n + q - 34 = 0. Suppose 0 = 263*c - 243*c - 661 - 119. What is the greatest common divisor of c and n?
13
Suppose -5*h + 130 - 25 = 0. Let r be (42 + 0)*(-55)/(-10). Calculate the greatest common divisor of r and h.
21
Let c be ((-132)/(-99))/(4/102). Let j be (0 + 3)/((-27)/(-306)). Calculate the greatest common factor of j and c.
34
Let y(v) be the third derivative of -5*v**4/3 + v**3/3 + 5*v**2. Let b be y(-1). Let z be (b/8)/(3/16). What is the highest common divisor of z and 4?
4
Let s be (-4)/(-12) + 269/3. What is the highest common divisor of s and 110?
10
Let b(g) = -g**3 - 42*g**2 + g + 60. Let s be b(-42). Suppose -900 = 4*v - 9*v. What is the highest common divisor of s and v?
18
Let s = 18 - 14. Calculate the highest common divisor of 16 and s.
4
Let t(v) = -2*v**2 - 46*v + 15. Let c be t(-23). What is the greatest common divisor of c and 6?
3
Suppose -4*v + u = -2*v - 146, 83 = v - 3*u. Let t = 125 - v. Let q = 18 + -12. What is the greatest common divisor of q and t?
6
Let p be (-5)/(-2) - 7856/(-32). Calculate the highest common factor of p and 16.
8
Suppose -s + 10*s = 1512. Suppose -x + s = 151. What is the highest common divisor of x and 17?
17
Let a = 1149 + -1085. What is the highest common divisor of a and 1216?
64
Suppose 6 + 3 = 3*x. Suppose -s - 168 = -x*s. Let p = -11 + 23. What is the greatest common factor of p and s?
12
Let t = -21 - -34. Let v(o) = -o**3 - 9*o**2 - 7*o + 11. Let s be v(-8). Let r = s + t. What is the highest common factor of r and 4?
4
Let g be 36 + -1 + 3 - (-1 - 2). Suppose -g = -5*m + 29. Calculate the greatest common divisor of m and 14.
14
Let s be 14 + 2 + (6 - (3 + 1)). Let z(m) = -m**3 - 3*m**2 + 3*m + 5. Let v be z(-4). What is the greatest common factor of s and v?
9
Suppose 5*q + 1 = 3*r - 3, -4 = q + r. Let p be (7/14)/(q/(-100)). Let s = p - 12. What is the greatest common factor of s and 117?
13
Let i(t) = 8*t - 15. Let w be i(6). Suppose -4*r = j - 25, 2*j = -3*j + 3*r + w. Calculate the greatest common factor of j and 63.
9
Let v(c) = 3*c**3 - 29*c**2 - 10*c + 10. Let a be v(10). Let m = 3 + 1. What is the greatest common divisor of m and a?
2
Let j(p) = -5*p - 4. Let v be j(-5). Let f(q) = -q**3 + 21*q**2 + 24. Let c be f(v). What is the highest common factor of c and 216?
24
Suppose 3*a + 6*c - 130 = c, 4*a - 216 = 4*c. Calculate the greatest common divisor of a and 40.
10
Let v be 1627/9 - (-2)/9. Suppose 0 = 2*a - 3*n - v, -3*a - 5*n + 165 = -154. Calculate the greatest common factor of a and 14.
14
Suppose 3*m - 1 = 5. Suppose -7*k + 23 = -5. Suppose 2*t - 39 = -3*g, -m*t - 5*g + 29 = -k. Calculate the highest common factor of t and 12.
12
Suppose -5*n + 4*f + 0*f + 335 = 0, 3*f = n - 78. Calculate the greatest common factor of 210 and n.
21
Let d be 253 + 4 + 1 + 9 + -6. What is the highest common factor of 12 and d?
3
Suppose 755 - 10415 = -10*q. Calculate the highest common divisor of 42 and q.
42
Let h = 1349 + -1009. What is the highest common divisor of 17 and h?
17
Let j(f) = 104*f**3 + f**2 + f. Let g be j(-1). Suppose 0 = 5*p - 5*o + 140, -4 = 4*o. Let i = p - g. What is the greatest common divisor of i and 30?
15
Suppose 37*i + 598 = 39*i. What is the greatest common factor of 39 and i?
13
Let r(f) = f**3 - 10*f**2 + 8*f + 1. Let n be r(10). Let p = -46 + n. What is the highest common divisor of 7 and p?
7
Suppose q - 225 = -4*q. Let f be 7*q/63*12/5. Calculate the highest common factor of 4 and f.
4
Let t = -1899 - -1905. Suppose 3*k + 59 = 4*y - 34, -4*y + 4*k = -92. Calculate the greatest common divisor of y and t.
6
Let o be -5*(-8)/20*1. Let z = -2 - 0. Let p be o*(12/(-8) - z). What is the greatest common factor of 7 and p?
1
Let o(b) = 26*b - 2. Let s be o(2). Let g = -28 + s. Let c be ((-2816)/(-96))/((-2)/(-3)). What is the greatest common divisor of c and g?
22
Let k = -162 + 187. Let b = -1 - -3. Suppose 3*d + b = 17. What is the highest common factor of d and k?
5
Let i(r) = r - 3. Let c be i(23). Let k be (-3)/(1*6/(-40)). Calculate the highest common divisor of k and c.
20
Let b be (-352)/11*(-198)/12. What is the highest common divisor of b and 48?
48
Suppose -3*k = 2*q - 32, -5*q + 18 = -2*k - 81. Calculate the highest common divisor of q and 6.
1
Let a(i) = 5*i**2 - 32*i + 105. Let m be a(4). What is the highest common divisor of m and 665?
19
Let p = -66 - -171. What is the greatest common factor of 42 and p?
21
Let a(d) = -4*d - 1. Let m be a(-2). Suppose -m*x - 3*x = -440. Calculate the highest common factor of x and 154.
22
Suppose 95 = 4*n - n + 2*z, -4*z + 120 = 4*n. What is the greatest common divisor of 5 and n?
5
Suppose -3*k - 34*a = -33*a - 96, 93 = 3*k + 2*a. Calculate the greatest common factor of k and 143.
11
Let m(k) = -61*k + 1. Let j be m(-3). Let q be 1/3 - j/(-24). Calculate the highest common factor of 16 and q.
8
Let z = -30 - -47. Let n(w) = 8*w**3 - 7*w + 5. Let v be n(2). Suppose 2*r - 40 = 3*b, 0 = -4*r + 2*b + 17 + v. What is the highest common factor of r and z?
17
Suppose 0 = 3*d - 12, 0*s - 2*s = 2*d - 12. Suppose a = 3*i + 124, i - 132 = -s*a + a. Calculate the greatest common divisor of 13 and a.
13
Suppose 0 = 4*n + 372 - 500. Calculate the greatest common divisor of 96 and n.
32
Let w(g) = 7*g**2 - 17*g - 18. Let n be w(8). Calculate the highest common factor of 441 and n.
147
Suppose 3*c + 12 = 7*c. Let p(f) = -2*f**2 + 8*f - 3. Let r be p(c). Suppose -2*i + 0*i + 54 = 0. Calculate the greatest common factor of i and r.
3
Let w = 8 + -2. Suppose w*s = s. Suppose s*r = 3*r - 27. Calculate the greatest common factor of 72 and r.
9
Suppose 0 = -5*o - o + 60. Suppose -14*b = -32 - o. Calculate the greatest common divisor of b and 1.
1
Let l = -342 + 354. What is the greatest common divisor of 18 and l?
6
Let o(v) = 4*v + 4. Let p be o(3). Suppose i - 33 = 3*d, 2*d + 235 = 5*i + 109. Calculate the highest common factor of p and i.
8
Let w be 26*((-3)/2 - 0). Let f = 49 + w. What is the greatest common factor of 90 and f?
10
Let s(k) = 24*k**2 - 3*k - 3. Let t be s(-1). Calculate the highest common divisor of t and 12.
12
Suppose -466 - 878 = -14*u. What is the greatest common divisor of u and 18?
6
Let w(o) = o**2 + 16*o - 60. Let g be w(5). Calculate the greatest common factor of 207 and g.
9
Let w(r) = -r - 14. Let j be w(-17). Suppose 332 = 3*u + 2*k, 4*u + 106 = 5*u + j*k. What is the highest common factor of u and 14?
14
Suppose 4*l - 6*l = y - 219, 0 = y + 5. Let r = -2055 + 2071. What is the greatest common factor of l and r?
16
Let j(r) = 29*r + 3. Let d be j(4). Let z = 123 - 120. Suppose 4*f - 105 = -z*o + 71, -2*o + d = f. What is the greatest common factor of o and 15?
15
Let z = 18 - 16. Suppose -z*w = -6*w + 16. Let h be (-18)/(-24) + 77/w. Calculate the greatest common divisor of h and 20.
20
Suppose -14*a 